 0 - 10. Let a(p) = -p - 3. Let y be a(d). Calculate the greatest common divisor of y and l.
7
Suppose 0 = 5*k + 2*i - 115, -14 = -k - 2*i + 1. What is the highest common divisor of k and 85?
5
Suppose -25 = -5*p, 0 = -2*g - 0*p + 4*p + 4. Let l(j) = -2*j**2 - 54*j + 51. Let d be l(-30). Let n = 159 + d. Calculate the greatest common factor of n and g.
6
Let d = 22 - 18. Suppose 0 = -d*o + 3*o. Let x = 3 - o. Calculate the highest common factor of x and 1.
1
Let n = -3 - 95. Let g = -49 - n. Calculate the greatest common divisor of 49 and g.
49
Let d(i) = 1 - 3 - 193*i + 1 + 0. Let q be d(-1). Calculate the greatest common factor of 24 and q.
24
Suppose t + 202 = 5*g, -2*g + 3*t + 48 = -38. Let u(v) = -v**3 - 3*v**2 + 3*v + 6. Let z be u(-4). Calculate the greatest common divisor of g and z.
10
Let r be (65/(-39))/((-20)/12). Calculate the greatest common divisor of r and 35.
1
Let o(v) = -5*v**3 - 4*v**2 + v + 8. Let w be o(-2). What is the greatest common divisor of w and 735?
15
Suppose 4*z + 5*f - 65 = 0, -51 = -2*z - 5*f - 6. Calculate the greatest common divisor of z and 10.
10
Suppose -6 = -3*j - 12. Let d(y) = -y**2 - 4*y + 2. Let b be d(j). Let t be 4 + (-2 - 8/(-2)). What is the highest common divisor of t and b?
6
Let v(j) = j**2 + 8*j - 13. Let g be v(-11). Let o be g/50*-75*(-4)/6. What is the highest common divisor of o and 80?
20
Suppose 5*m = -2 - 18, -3*m = z + 28. Let n be (-1912)/z - 6/(-4). What is the greatest common divisor of n and 11?
11
Suppose 92*m - 236 = 88*m. Calculate the greatest common factor of m and 472.
59
Suppose h - 5*f - 23 = 0, h = -7*f + 2*f - 17. Calculate the highest common divisor of 51 and h.
3
Let v = -13 + 31. Suppose 0 = 2*w - 6*w + 28. Let l = -1 + w. What is the highest common divisor of v and l?
6
Let d be (-6)/2 - (4 + 42/2). Let v be (-30)/7*d/6. Suppose -g + 30 = 2*g. What is the greatest common divisor of g and v?
10
Suppose 3*y = -3*q, -3*y + 20 = 2*y. Let u be 29/q - 9/(-36). Let t(s) = -s**2 - 8*s + 1. Let n be t(u). Calculate the greatest common divisor of n and 32.
8
Let p = -160 - -178. What is the greatest common factor of p and 198?
18
Suppose 2*l - 3*n + 622 - 2313 = 0, -3*n - 9 = 0. What is the highest common factor of l and 29?
29
Suppose 9*i - 10*i = -4*k - 314, 0 = -5*i - 5*k + 1520. What is the highest common factor of i and 90?
18
Let k(f) = 18*f - 1. Let s be k(-1). Let v = 338 + -314. Let n = v + s. Calculate the greatest common factor of n and 25.
5
Let j be (3*(-3)/27)/((-7)/189). Suppose y + 2*y + 168 = 0. Let v be j/2*y/(-6). Calculate the greatest common factor of v and 105.
21
Suppose -4*w + 640 = -0*w. Let m be (-12 + 16 - 12) + 48. What is the greatest common divisor of m and w?
40
Suppose b = 2*d - 64, -5*d - 83 = -0*b + 2*b. Let i be (2/(-1))/((-4)/b). Let a be (-15)/3*i/5. What is the highest common divisor of a and 18?
9
Let k be 10 + -4 + -2 + 38. Calculate the greatest common factor of 70 and k.
14
Let y = -7 + 24. Let o = 37 - y. Calculate the highest common divisor of 50 and o.
10
Let s(n) = 3*n**2 - 29*n + 158. Let o be s(9). What is the greatest common factor of o and 40?
20
Suppose -5*h = -11 - 4. Suppose 26 = 2*a + 2. Suppose -h*q - a = -0*q, 107 = 5*u - 3*q. Calculate the highest common divisor of u and 95.
19
Suppose 7*n + 15 - 239 = 0. Let g be 6 + (-2)/1 + 0. Let w(r) = r**3 - 4*r. Let j be w(g). Calculate the highest common factor of n and j.
16
Let i(d) = d**3 - 9*d**2 + 9*d - 6. Let f be i(8). Let j be (-54)/(-63)*(f + 105 + -2). What is the greatest common divisor of j and 18?
18
Suppose -a = -2*a - 117. Let h = a - -165. Calculate the greatest common divisor of 32 and h.
16
Suppose 0 = 9*v - 12*v. Suppose 0 = 5*c - q + 10 - 56, v = 2*c + 5*q - 13. Calculate the greatest common factor of 81 and c.
9
Suppose 5*b + 518 = 10*b + 4*j, 3*b + 5*j - 303 = 0. What is the greatest common divisor of b and 53?
53
Suppose a - 26 + 0 = 0. Calculate the greatest common factor of 2 and a.
2
Suppose 5*l = 33 + 37. Calculate the greatest common divisor of l and 126.
14
Suppose -3*f - 9 = 3*a, 4*f + 0*f - 33 = 5*a. Let c be ((-16)/24)/(f/39). Let b = 6 - c. Calculate the highest common factor of b and 19.
19
Let v(k) = 6*k - 30. Let c be v(8). Let a = c + 125. Calculate the greatest common factor of a and 13.
13
Let t(l) = l**2 - 27*l - 41. Let a be t(32). What is the greatest common divisor of 17 and a?
17
Suppose -30 = -3*m + 12. Suppose m*z - 2 = 13*z. Let f be (15/10)/(z/44). Calculate the highest common divisor of 66 and f.
33
Let b = -8 - -37. Let s = b - 13. What is the greatest common divisor of 40 and s?
8
Let v = -1 + 5. Suppose 3*b = 16 - v. Suppose -2*c + q + 8 = 0, b*c + q - 6 = 16. Calculate the greatest common divisor of 40 and c.
5
Let w(a) = a**3 - 4*a**2 - 2*a - 12. Let z be (1/(-3))/((8/(-30))/4). Let t be w(z). What is the greatest common divisor of 1 and t?
1
Let a(g) = -g**2 - 24*g - 125. Let x be a(-9). What is the greatest common divisor of 130 and x?
10
Suppose 164 = 4*v - 76. Let a(c) = -25*c + 4. Let f be a(-14). Let g be f/18 + (-2)/(-6). Calculate the greatest common factor of v and g.
20
Let m(c) = -c**3 - 3*c**2 + 5. Let j be m(-5). Calculate the greatest common factor of 165 and j.
55
Let a = 1 + 5. Suppose 5*y + 1 = a. Let u = y + 16. Calculate the greatest common factor of u and 187.
17
Let s = -18 - -22. Suppose -2*m - s - 2 = 0. Let t = m - -20. What is the highest common factor of t and 51?
17
Let q be 2/(-6) + 4396/84. Calculate the highest common divisor of q and 4.
4
Let w be (-4)/(-2) - 0/3. Let l = 3 - w. What is the highest common divisor of l and 4?
1
Let v = -56 - -694. What is the highest common divisor of 33 and v?
11
Let d = 21 + -5. Suppose -r - 96 = -7*r. Calculate the highest common factor of r and d.
16
Suppose 0 = 4*u - p + 1, -u - 4*p - 5 = -9*p. Suppose -2*a - n + 39 = 0, u*n + 3*n = -2*a + 45. What is the greatest common divisor of 24 and a?
6
Suppose -o + 0 + 8 = 0. Let c(n) = -n**3 + 14*n**2 - 24*n + 9. Let r be c(12). Let p be 110/r + 2/(-9). Calculate the highest common factor of o and p.
4
Suppose 159 = 4*g - 105. Calculate the highest common factor of g and 30.
6
Suppose -2*q - 311 = -i, -i + 5*q = 2*i - 935. Calculate the greatest common factor of 63 and i.
63
Let d be (-9)/(-12) - 1933/(-4). Calculate the greatest common factor of d and 44.
44
Let t(z) = z + 11. Suppose -j = 4*d + 29, -5*d = -0*j - j + 16. Let n be t(j). Suppose -8 - 16 = -3*r. What is the highest common factor of r and n?
2
Suppose 0 = -0*u + 5*u + 10. Let n be (-12)/(-7) - u/7. Suppose 0 = -n*x - 47 + 167. Calculate the highest common factor of x and 20.
20
Suppose 5*v + 5*t - 2655 = 0, 2*t + 1283 + 1351 = 5*v. What is the greatest common factor of v and 60?
12
Suppose -4*x + 54 + 34 = 0. Suppose 0 = 4*s + s + 3*y - 58, -16 = 4*y. Suppose -s*g + 11 = -13*g. What is the highest common divisor of x and g?
11
Suppose 5*i + 710 = 4*h, -2*h - h - 4*i = -548. What is the highest common divisor of 36 and h?
36
Let x be (51/15 - 1)/(4/10). Suppose y = 3*y + x, -3*p - 3*y = -561. Calculate the greatest common factor of p and 38.
38
Let m = 49 + -55. Let b be (22 + m)*(-3)/(-6). What is the greatest common factor of 2 and b?
2
Suppose -2*z = -5*c - 321, -201 = 2*c + c - 4*z. Let a = c - -135. Calculate the greatest common factor of a and 48.
24
Let o(l) = -23*l - 1. Let v be o(-1). Let k = -58 + 54. Let b(s) = -s**3 - 4*s**2 - 4*s - 5. Let f be b(k). Calculate the highest common divisor of v and f.
11
Let r be (-70)/(-20)*(-80)/(-28) + -6. Calculate the highest common factor of 236 and r.
4
Suppose -25*r = -4*r - 588. What is the highest common divisor of 84 and r?
28
Suppose 7*f - x = 2*f + 10, -4*f - 5*x + 8 = 0. Suppose 2*k + 3*w = -k + 6, -4*k + 10 = f*w. What is the greatest common divisor of 21 and k?
3
Suppose 3*l = -3*v + 20 + 16, v - 44 = -5*l. Suppose -168 = -0*r - 3*r. What is the greatest common divisor of r and l?
8
Suppose 0 = 2*x + c - 22, 3*c + c = -4*x + 48. Suppose 0 = 9*q - x*q + 25. What is the greatest common divisor of q and 25?
25
Let a(g) = 4*g**2 - 2. Let d be 2 - 2*(14 - 3). Let s be ((-16)/d)/(6/15). Let b be a(s). Calculate the greatest common divisor of 154 and b.
14
Let k be 40/2*(-5 - (-49)/5). What is the 